 factors of (-2632)/(-42)*(2 - -4).
2, 47
Let q(v) = 54*v**2 + 1. Let n(s) = -s - 6. Let g be n(-7). What are the prime factors of q(g)?
5, 11
List the prime factors of ((-15)/10)/(1/(-16)).
2, 3
What are the prime factors of 6 + (3 - 4/4)?
2
Suppose -2*r - 8 = -6. Let p = r + -16. Let o = -10 - p. List the prime factors of o.
7
Suppose -n = -y + 79, -4*y = -0*y - n - 331. What are the prime factors of y?
2, 3, 7
Let j(t) = t - 3. Let q be j(0). Let a(b) = 3*b**2 - 1 + 5*b**3 - b**3 - 3*b**3 + 5. List the prime factors of a(q).
2
Let h be 38/(-4)*(-5 - -3). Let g = 47 - h. List the prime factors of g.
2, 7
Suppose 0 = -5*p + 37 + 8. Suppose 2*l - 12 = 5*q, p*l - 30 = 4*l - q. What are the prime factors of l?
2, 3
Let t(w) = -w**2 - w + 5. Let g be t(-3). Suppose 4*x = b - 13, -5*x - 7 - 13 = -5*b. What are the prime factors of 2 + g/x*0?
2
Let s(c) = 12*c - 3. What are the prime factors of s(4)?
3, 5
Let f(i) = i + 8. Let p be f(-4). Suppose 0 = -x - p*x. What are the prime factors of (-1 - x)*-2*1?
2
Let w = -1 - -10. Let q = w - 7. What are the prime factors of q?
2
Let o(b) = -b**3 + 6*b**2 - 2*b + 5. What are the prime factors of o(5)?
2, 5
Let w = 17 - -22. Suppose -5*y + 3*u + 28 = 0, 2*y + 3*u + 11 = w. List the prime factors of (-3)/((-6)/y) - -3.
7
Let s(r) = r**3 + 8*r**2 + 7*r + 2. Let f be s(-7). Let l = f - 6. Let m = 6 + l. List the prime factors of m.
2
List the prime factors of (56 - 4) + (-2 - -6).
2, 7
Let w(i) = -i - 5. Let f be w(-10). Suppose 74 = f*q + 4. List the prime factors of q.
2, 7
What are the prime factors of (-8 + 6)*(-20)/2?
2, 5
Suppose 9*n - 10*n = -50. What are the prime factors of n?
2, 5
Let k(h) = h**2 - 6*h - 2. Let u be k(7). Suppose 0 = -u*q + 38 + 2. Suppose -3*r - 2 = -q. List the prime factors of r.
2
Let d(u) = 2*u - 3. What are the prime factors of d(3)?
3
Let j = 0 - -4. Let p be 27/6*j/3. List the prime factors of 9/(-15)*(1 - p).
3
Let k be (-3)/6 + (-7)/2. Suppose 4*f = l + 2*l + 11, -2*f - 5 = -5*l. Let x = f - k. List the prime factors of x.
3
Suppose 0 = -5*h - 3*w - 1, -2*h = -5*w + 19 - 0. Let b be 17/((-2)/(-4)*h). Let j = -8 - b. List the prime factors of j.
3
Let g(n) = n**2 - n + 2. Let t be g(0). Suppose t*i - 2*v = 34, -5*i - 4*v - 19 = -104. List the prime factors of i.
17
Let m = 1 - 1. Let b be 3/3 - (m - 3). Suppose -8 = -4*w + 2*z, -z = -b*w + 4*z - 4. What are the prime factors of w?
2
Suppose -5*n + 81 + 169 = 0. Suppose 3*y = 8*y - n. List the prime factors of y.
2, 5
Suppose 10 = -s - 4*s. What are the prime factors of ((-13)/4)/(s/8)?
13
Let h(s) = 26*s + 4. What are the prime factors of h(2)?
2, 7
Suppose -5*o - 620 = i, 0 = -2*o + 2*i - 54 - 194. Let k = -77 - o. List the prime factors of k.
47
Let p = -98 + 190. List the prime factors of p.
2, 23
Let a(x) = 0*x**2 - 2*x**3 - x + 5*x**2 + 3*x**3 - 2*x**2. What are the prime factors of a(-3)?
3
Suppose -2*t + 3*m - 12 = -1, -t + 5*m - 23 = 0. What are the prime factors of 15/t*(-6)/(-9)?
5
Suppose -k + v - 2 = 3, 4*k - 1 = -3*v. Let g = 5 + k. What are the prime factors of g?
3
Suppose 0 = 19*c - 8*c - 198. What are the prime factors of c?
2, 3
What are the prime factors of 120/18*(-6)/(-5)?
2
Suppose -3*i + 8*i + 43 = 4*m, -4*i - 32 = -2*m. List the prime factors of (-30)/(i/(28/3)).
2, 5
Suppose 5*g - 3*r = -r + 26, -24 = -3*g + 4*r. Let p = 17 + -17. Suppose p = -2*b + 4 + g. List the prime factors of b.
2
Let s be -74*(4 - (8 - 3)). Suppose -2*i - s = -4*i. List the prime factors of i.
37
Let x(m) = 2*m. Let n be x(-2). Let s be 44/7 - n/(-14). Suppose -c = -s*c + 20. List the prime factors of c.
2
Let z(r) = -13*r - 3. Suppose w - 6 = -w. Let u be z(w). What are the prime factors of (-138)/u + (-2)/7?
3
Let b(g) = -g**3 + 8*g**2 + 3*g + 9. List the prime factors of b(8).
3, 11
Let n be -5*((-24)/15 + 1). Suppose -c + 20 = k + 2*c, -n*k - c + 92 = 0. What are the prime factors of k?
2
Let s(q) = q - 3. Let y be s(7). Suppose -y*n - 26 = -94. What are the prime factors of n?
17
Suppose 4*m = -5*g - 95, 3*m + 2*g - 7*g + 45 = 0. Let w = -13 - -5. Let a = w - m. What are the prime factors of a?
2, 3
Let k be (12/10)/((-18)/(-60)). Suppose -4*g = f - 0*g - k, 0 = 4*g + 12. What are the prime factors of f?
2
Suppose 2*k = 5*k - 2*t - 11, -4*k - 2*t + 10 = 0. Suppose 49 = k*l - 5*i, l + 5 = 3*i + 16. Suppose -7 = -3*v + l. List the prime factors of v.
2, 5
Suppose 2*y + 15 = 4*s - 21, -5*y = s - 31. Let h = s - 2. What are the prime factors of h?
3
Suppose -n - 146 = -o - 3*o, 0 = -2*o - n + 76. List the prime factors of o.
37
Let x(q) = q - 6. Let o(m) = -m + 5. Let z(n) = -4*o(n) - 5*x(n). Let t be z(9). Suppose -3 = -u - t. What are the prime factors of u?
2
Suppose 5*x - 13 = -c + 14, -3*x = 5*c - 245. List the prime factors of c.
2, 13
Suppose 5*y + 43 - 188 = t, -2*t = 0. Suppose -129 = -5*a - y. What are the prime factors of a?
2, 5
Suppose r - 4*r = -12, l = -3*r + 24. What are the prime factors of l?
2, 3
Let j(i) = 3*i - 10. List the prime factors of j(11).
23
Suppose 5*j - 493 = 4*p, 0*j = -j + 2*p + 101. List the prime factors of j.
97
Let q(g) = 4*g. Let w = 0 - 1. Let o = w + 4. What are the prime factors of q(o)?
2, 3
List the prime factors of 8/3*(-117)/(-6).
2, 13
Suppose 3*z - z = 0. Let r = 3 + z. Suppose r*j - 18 = 21. List the prime factors of j.
13
Let b(m) = m + 9. Let o be b(-8). Suppose -4*v = -3*s - 38, -3 + o = -v. Let y(x) = -x**3 - 10*x**2 - 2*x - 12. What are the prime factors of y(s)?
2
Let h(o) = -7*o - 3. List the prime factors of h(-3).
2, 3
Let u(i) = -i**3 - 4*i**2 - 2*i. Let l be u(-3). Let f be 63/(6/(-4) - l). What are the prime factors of (-38)/(-14) - (-12)/f?
3
Let w(p) = -p**3 - 10*p**2 - 20*p + 24. List the prime factors of w(-10).
2, 7
Let h(c) = c**2 + 7*c - 3. Let d be h(-8). Suppose -d*k - 845 = -v, 3*v = -0*k - 2*k - 321. List the prime factors of (k/9)/4*-3.
2, 7
Suppose 3*x - 3*y - 17 = y, 48 = 4*x + y. Suppose -17 = 2*f + f + 2*d, -4*d + x = f. List the prime factors of 9/(-6)*12/f.
2
Suppose -v = -0*v - 7. Suppose -4*d = -3*d + 2*n - 20, 3*d - 2*n = 20. Let z = d - v. What are the prime factors of z?
3
Let n = 686 + -489. List the prime factors of n.
197
Let c = 15 + 27. List the prime factors of c.
2, 3, 7
Suppose 3*k + 63 = 2*k. Let o = k + 93. List the prime factors of o.
2, 3, 5
Suppose 5*q + 16 = 3*a - 6, 5*a + 4*q = 86. Let l = 7 + 16. Suppose 0 = 3*i - 2*h - l, -a = i - 5*h - 0. List the prime factors of i.
11
Let d(z) = -z**3 - 4*z**2 - 4. Let i be d(-4). Let k be ((-6)/12)/((-1)/(-2)). List the prime factors of (-2 + i)/k + -1.
5
Suppose -5*c + 12 = -c. Let v(f) = f**3 - 3*f**2 + 4*f - 3. List the prime factors of v(c).
3
Let x be (-3)/9 + 12/9. Suppose q + x - 8 = 0. List the prime factors of q.
7
Let f(t) = -t**3 + 6*t**2 - 3*t + 2. Let x(n) = n**3 - 13*n**2 - 15*n + 19. Let w be x(14). What are the prime factors of f(w)?
2, 3
Suppose -4 = -3*u + 11. Suppose -3 = -u*d + 17. What are the prime factors of d?
2
Suppose p + 2*p = 0. Let g be 5 - -1*(2 + p). Let u = 13 - g. List the prime factors of u.
2, 3
Let w be 2/5 - 294/(-15). Suppose 5*i - w = -5*v + 5, -4*v + 4*i = -12. Suppose -35 = -0*h - 4*h + 5*l, -4*h = v*l - 80. List the prime factors of h.
3, 5
Suppose -5*n + 23 = -3*p + 6*p, -3*n + 11 = -p. Suppose r - n*v + 36 = -3*r, -13 = 2*r - v. List the prime factors of (-2)/(-8) - 39/r.
2, 5
Let a = -39 - -64. Let n = 38 - a. What are the prime factors of n?
13
Let j = -2 - -6. What are the prime factors of (7*j)/(14/7)?
2, 7
Let m(n) be the first derivative of n**2/2 - 4*n - 1. Let s be m(6). Suppose -x = 2*x + 3*b - 33, 0 = s*x + 4*b - 22. List the prime factors of x.
11
Let s be ((-3)/(-2))/((-12)/(-32)). Suppose -s = -j + 2. List the prime factors of j.
2, 3
Suppose 4*j - 20 - 236 = 0. Suppose j = k + k. What are the prime factors of k?
2
Let r = -31 - -22. Let z(v) = -v**2 - 12*v - 7. Let u be z(r). Suppose 4*k + 3*g - 30 - u = 0, -g = -2. List the prime factors of k.
11
Suppose 2*j - 21 = 5*m + 23, -5*m - 2*j = 36. Let l = -6 - m. Suppose v - 27 = -l*v. List the prime factors of v.
3
Let s(l) = -2*l + 4. Let p = -9 - -4. What are the prime factors of s(p)?
2, 7
Let q be -5 - (-5)/((-5)/3). What are the prime factors of (-2)/q - 284/(-16)?
2, 3
Let t